 of 48512 and 4818304.
128
Calculate the highest common divisor of 480641 and 396389.
119
What is the greatest common factor of 56640 and 58120?
40
What is the highest common factor of 12578652 and 1944?
972
Calculate the highest common factor of 309672 and 228096.
792
What is the greatest common divisor of 5575074 and 96?
6
What is the highest common factor of 5805 and 538919?
43
Calculate the highest common factor of 21411196 and 1812.
604
What is the greatest common divisor of 164988 and 2172?
12
What is the greatest common divisor of 4833645 and 960?
15
What is the greatest common divisor of 9776648 and 42?
14
What is the greatest common divisor of 134474967 and 198?
99
What is the greatest common factor of 9538 and 169461?
19
What is the highest common divisor of 1446003 and 578?
17
Calculate the highest common divisor of 14139576 and 36300.
1452
Calculate the highest common factor of 39618134 and 1858.
1858
What is the greatest common factor of 39938065 and 20?
5
What is the greatest common factor of 356547 and 18526?
157
Calculate the highest common divisor of 2443640 and 376.
8
Calculate the greatest common factor of 1476 and 40737108.
492
Calculate the highest common factor of 44238836 and 574.
82
Calculate the greatest common factor of 35 and 2232970.
5
Calculate the highest common divisor of 126 and 31448522.
14
What is the highest common divisor of 45864 and 21734244?
1764
What is the greatest common divisor of 1218 and 101528910?
42
Calculate the highest common factor of 3136 and 7756.
28
Calculate the highest common divisor of 40288341 and 207.
69
What is the greatest common factor of 1142372 and 19712?
308
Calculate the highest common divisor of 1556 and 13916.
4
Calculate the highest common factor of 12 and 72330924.
12
Calculate the highest common divisor of 68757 and 382161.
1599
What is the greatest common factor of 98717995 and 10?
5
Calculate the highest common divisor of 29894280 and 15600.
1560
What is the highest common divisor of 2517642 and 567?
81
What is the greatest common factor of 301645 and 9965164?
989
What is the highest common factor of 39621696 and 2176?
1088
Calculate the highest common divisor of 21800640 and 940.
20
What is the greatest common factor of 170 and 17827730?
170
What is the greatest common factor of 8320 and 18778760?
520
Calculate the greatest common factor of 63 and 115601850.
63
What is the highest common divisor of 13606 and 142475229?
6803
What is the greatest common divisor of 316590400 and 39200?
5600
Calculate the greatest common divisor of 12199561 and 2211.
737
What is the greatest common factor of 52597482 and 3?
3
Calculate the greatest common factor of 4832254 and 12040.
602
What is the highest common divisor of 165462 and 282486?
138
What is the highest common factor of 43983 and 10926789?
543
Calculate the greatest common factor of 297 and 350002521.
99
What is the greatest common divisor of 5880 and 5468750?
70
What is the greatest common factor of 49308 and 31178?
14
What is the greatest common factor of 31342465 and 385?
385
What is the highest common divisor of 10031290 and 930?
310
Calculate the highest common divisor of 80 and 1152420.
20
Calculate the highest common divisor of 59 and 2522500986.
59
What is the greatest common factor of 66139086 and 3042?
78
What is the highest common factor of 12840 and 172680?
120
What is the highest common factor of 196 and 9282700?
28
What is the highest common factor of 7290740 and 320?
20
Calculate the highest common factor of 558896 and 13312.
208
What is the greatest common divisor of 1336171572 and 36?
36
What is the greatest common factor of 4560 and 23939088?
912
Calculate the greatest common factor of 420 and 26994660.
420
Calculate the highest common factor of 738 and 77779296.
738
Calculate the greatest common divisor of 18 and 3168513.
9
Calculate the greatest common factor of 253725 and 52275.
1275
Calculate the greatest common divisor of 948594 and 16854.
318
What is the highest common divisor of 38645 and 575?
5
What is the greatest common factor of 12980172 and 102?
6
Calculate the highest common divisor of 61523026 and 14744.
3686
What is the greatest common factor of 102 and 22305003?
51
Calculate the greatest common factor of 6596776 and 776.
776
Calculate the greatest common divisor of 54567781 and 1423.
1423
Calculate the highest common factor of 835 and 20429277.
167
What is the greatest common factor of 77366 and 97282?
766
Calculate the greatest common factor of 11621 and 3578036174.
11621
What is the highest common divisor of 4830 and 11515410?
690
What is the highest common factor of 414 and 946890?
18
Calculate the greatest common divisor of 2633759 and 14195.
17
What is the greatest common divisor of 575 and 34398317?
23
What is the greatest common factor of 231500127 and 79547?
6119
Calculate the greatest common factor of 20447046 and 36018.
1242
What is the greatest common divisor of 12392 and 171752?
8
Calculate the greatest common divisor of 324 and 1898448.
12
Calculate the greatest common divisor of 5993 and 53456.
13
What is the greatest common factor of 2895504 and 4656?
48
Calculate the greatest common factor of 136546 and 11658.
134
What is the highest common factor of 123128434 and 66?
22
What is the highest common divisor of 260118 and 2178?
18
What is the highest common divisor of 133670 and 905?
5
Calculate the highest common divisor of 2533 and 46544173.
149
Calculate the highest common divisor of 1566555 and 304985.
905
Calculate the greatest common divisor of 5884 and 13388.
4
Calculate the greatest common divisor of 23443 and 304640.
119
What is the highest common divisor of 2904447 and 2184?
273
What is the greatest common divisor of 501449 and 2588929?
2269
What is the greatest common divisor of 7527856 and 672?
112
What is the highest common factor of 13950495 and 7020?
1755
Calculate the greatest common factor of 3509 and 3819728.
121
Calculate the greatest common factor of 36150 and 1580.
10
What is the highest common divisor of 7038102 and 612?
102
What is the highest common divisor of 1887573 and 47613?
807
What is the greatest common divisor of 377941 and 6394?
139
Calculate the highest common divisor of 18 and 18868140.
18
Calculate the greatest common factor of 117082763 and 44659.
2627
Calculate the greatest common divisor of 75 and 21808005.
15
What is the greatest common divisor of 9478 and 233959691?
4739
Calculate the highest common divisor of 12935295 and 646380.
7695
What is the highest common divisor of 378 and 1358073?
27
What is the greatest common factor of 91537576 and 1128?
376
What is the greatest common factor of 2223429 and 69936?
141
Calculate the greatest common divisor of 482441453 and 1105.
221
Calculate the highest common factor of 59241 and 312277.
49
What is the greatest common factor of 2253274 and 4?
2
Calculate the highest common divisor of 410 and 9763535.
205
What is the greatest common divisor of 69657 and 146993?
7
Calculate the greatest common divisor of 1728315 and 5080470.
2985
Calculate the highest common factor of 37356732 and 30.
6
Calculate the greatest common divisor of 282703590 and 5820.
2910
What is the greatest common factor of 5336765 and 103320?
1435
What is the highest common factor of 5853296 and 222704?
496
What is the greatest common divisor of 22655 and 292215?
115
What is the greatest common divisor of 750168881 and 196?
49
Calculate the highest common divisor of 13891635 and 46359.
459
Calculate the highest common divisor of 21186 and 427786.
214
What is the highest common divisor of 419151340 and 5680?
1420
Calculate the highest common divisor of 48325185 and 2070.
1035
Calculate the greatest common factor of 1071 and 37524865.
119
Calculate the greatest common divisor of 630 and 195449310.
630
Calculate the highest common factor of 98 and 1562364.
2
What is the highest common divisor of 62730 and 450426?
246
What is the greatest common divisor of 1190550 and 10975?
25
Calculate the highest common divisor of 356 and 240940.
4
What is the greatest common factor of 432 and 126250218?
54
What is the highest common factor of 23342880 and 5544?
264
Calculate the highest common divisor of 6600 and 51670410.
330
Calculate the great